{"id":128,"date":"2026-05-08T18:50:34","date_gmt":"2026-05-08T18:50:34","guid":{"rendered":"https:\/\/magistraturaonoraria.com\/?page_id=128"},"modified":"2026-05-08T18:50:34","modified_gmt":"2026-05-08T18:50:34","slug":"cronache-di-ordinaria-ingiustizia","status":"publish","type":"page","link":"https:\/\/magistraturaonoraria.com\/?page_id=128","title":{"rendered":"Cronache di ordinaria &#8220;Ingiustizia&#8221;"},"content":{"rendered":"\n<p>L\u2019allarme di circa <strong>400<\/strong> magistrati onorari di nuova nomina, reclutati con il concorso 2018, vedranno <strong>cessare<\/strong> il proprio incarico tra maggio e giugno 2026 in applicazione dell\u2019art. <strong>18 del d.lgs. 116\/2017<\/strong> (riforma Orlando). Il meccanismo normativo, che impone di computare nel <strong>limite massimo di durata<\/strong> (8 anni) anche la vita professionale pregressa\u2013 pur valorizzata come tolo preferenziale per l\u2019accesso \u2013 determina una <strong>riduzione anticipata<\/strong> del mandato. Ne deriva l\u2019uscita dal servizio di personale gi\u00e0 formato ed esperto, sul quale lo Stato ha investito tempo e risorse, proprio in una fase di grave <strong>carenza di organico<\/strong>. La conseguenza concreta rischia di essere un rallentamento, se non una paralisi, soprattutto negli uffici del Giudice di Pace, gi\u00e0 sottodimensionati e destinati, da Ottobre 2026, a un significativo ampliamento delle competenze. Il sistema, anzich\u00e9 alleggerire i Tribunali, potrebbe entrare in <strong>sofferenza strutturale<\/strong>. La situazione appare ancor pi\u00f9 critica alla luce della pendenza di un giudizio promosso dalla Commissione Europea dinanzi alla Corte di Giustizia dell\u2019Unione Europea sulla disciplina italiana della magistratura onoraria. Nonostante ci\u00f2, il sistema continua ad applicare meccanismi che rischiano di determinare effetti irreversibili, senza attendere un chiarimento definitivo sul piano europeo. Si tratta di una criticit\u00e0 non pi\u00f9 rinviabile. \u00c8 necessario un <strong>intervento normativo urgente<\/strong> che consenta di mantenere in servizio i magistrati onorari gi\u00e0 operativi, evitando la dispersione di risorse e competenze su cui lo Stato ha <strong>investito<\/strong>. In assenza di soluzioni tempestive, il rischio \u00e8 quello di compromettere la continuit\u00e0 e l\u2019efficienza del servizio giustizia, con ricadute dire e su <strong>cittadini <\/strong>e <strong>imprese<\/strong><\/p>\n\n\n\n<p>A cura della dott.ssa avv. Patrizia Schifi, Giudice di Pace di Roma, membro del direttivo UNAGIPA.<\/p>\n","protected":false},"excerpt":{"rendered":"<p>L\u2019allarme di circa 400 magistrati onorari di nuova nomina, reclutati con il concorso 2018, vedranno cessare il proprio incarico tra maggio e giugno 2026 in applicazione dell\u2019art. 18 del d.lgs. 116\/2017 (riforma Orlando). Il meccanismo normativo, che impone di computare nel limite massimo di durata (8 anni) anche la vita professionale pregressa\u2013 pur valorizzata come [&hellip;]<\/p>\n","protected":false},"author":1,"featured_media":0,"parent":0,"menu_order":0,"comment_status":"closed","ping_status":"closed","template":"","meta":{"footnotes":""},"class_list":["post-128","page","type-page","status-publish","hentry"],"_links":{"self":[{"href":"https:\/\/magistraturaonoraria.com\/index.php?rest_route=\/wp\/v2\/pages\/128","targetHints":{"allow":["GET"]}}],"collection":[{"href":"https:\/\/magistraturaonoraria.com\/index.php?rest_route=\/wp\/v2\/pages"}],"about":[{"href":"https:\/\/magistraturaonoraria.com\/index.php?rest_route=\/wp\/v2\/types\/page"}],"author":[{"embeddable":true,"href":"https:\/\/magistraturaonoraria.com\/index.php?rest_route=\/wp\/v2\/users\/1"}],"replies":[{"embeddable":true,"href":"https:\/\/magistraturaonoraria.com\/index.php?rest_route=%2Fwp%2Fv2%2Fcomments&post=128"}],"version-history":[{"count":1,"href":"https:\/\/magistraturaonoraria.com\/index.php?rest_route=\/wp\/v2\/pages\/128\/revisions"}],"predecessor-version":[{"id":129,"href":"https:\/\/magistraturaonoraria.com\/index.php?rest_route=\/wp\/v2\/pages\/128\/revisions\/129"}],"wp:attachment":[{"href":"https:\/\/magistraturaonoraria.com\/index.php?rest_route=%2Fwp%2Fv2%2Fmedia&parent=128"}],"curies":[{"name":"wp","href":"https:\/\/api.w.org\/{rel}","templated":true}]}}